{"id":272,"date":"2018-06-12T18:44:56","date_gmt":"2018-06-12T16:44:56","guid":{"rendered":"http:\/\/innopen.io\/?page_id=272"},"modified":"2018-07-11T10:01:49","modified_gmt":"2018-07-11T08:01:49","slug":"solutions","status":"publish","type":"page","link":"https:\/\/innopen.io\/index.php\/fr\/solutions\/","title":{"rendered":"Solutions"},"content":{"rendered":"<p style=\"text-align: left;\"><strong>L\u2019Open Innovation, l\u2019intrapreneuriat et la co-innovation procurent un avantage concurrentiel cl\u00e9 sur la comp\u00e9tition mais de nombreuses entreprises sont en difficult\u00e9 face \u00e0 la question suivante :<\/strong><\/p>\n<p style=\"text-align: center;\"><em><i>&#8220;Comment puis-je <\/i><\/em><em><i>b\u00e9n\u00e9ficier de <\/i><\/em><em><i>la cr\u00e9ativit\u00e9 de mes clients<\/i><\/em><em><i>, de mes<\/i><\/em><em><i>\u00a0<\/i><\/em><em><i>collaborateurs<\/i><\/em><em><i>, ou de start-ups, tout en gardant le contr\u00f4le sur mon processus d&#8217;innovation<\/i><\/em><em><i>\u00a0<\/i><\/em><em><i>?&#8221;<\/i><\/em><\/p>\n<p class=\"hide-if-no-js\"><a id=\"set-post-thumbnail\" class=\"thickbox\" href=\"http:\/\/innopen.io\/wp-admin\/media-upload.php?post_id=272&amp;type=image&amp;TB_iframe=1\" aria-describedby=\"set-post-thumbnail-desc\"><img loading=\"lazy\" class=\"attachment-266x266 aligncenter\" src=\"http:\/\/innopen.io\/wp-content\/uploads\/2018\/06\/InnOpen-Processus-6-etapes.png\" sizes=\"100vw\" srcset=\"http:\/\/innopen.io\/wp-content\/uploads\/2018\/06\/InnOpen-Processus-6-etapes.png 804w, http:\/\/innopen.io\/wp-content\/uploads\/2018\/06\/InnOpen-Processus-6-etapes-300x274.png 300w, http:\/\/innopen.io\/wp-content\/uploads\/2018\/06\/InnOpen-Processus-6-etapes-768x702.png 768w\" alt=\"\" width=\"660\" height=\"603\" \/><\/a><\/p>\n<p style=\"text-align: center;\"><em><i>Le processus InnovationSnail \u00a9 InnOpen<\/i><\/em><\/p>\n<p style=\"text-align: center;\"><strong><b>InnOpen, 5 ans d&#8217;expertise en innovation participative.<\/b><\/strong><strong><b><br \/>\n<\/b><\/strong><strong><b>Nous <\/b><\/strong><strong><b>vous apportons l<\/b><\/strong><strong><b>es outils et <\/b><\/strong><strong><b>l\u2019<\/b><\/strong><strong><b>\u00e9cosyst\u00e8me <\/b><\/strong><strong><b>au service de votre r\u00e9ussite.<\/b><\/strong><\/p>\n","protected":false},"excerpt":{"rendered":"<p>L\u2019Open Innovation, l\u2019intrapreneuriat et la co-innovation procurent un avantage concurrentiel cl\u00e9 sur la comp\u00e9tition mais de nombreuses entreprises sont en difficult\u00e9 face \u00e0 la question suivante : &#8220;Comment puis-je b\u00e9n\u00e9ficier de la cr\u00e9ativit\u00e9 de mes clients, de mes\u00a0collaborateurs, ou de start-ups, tout en gardant le contr\u00f4le sur mon processus d&#8217;innovation\u00a0?&#8221; Le processus InnovationSnail \u00a9 InnOpen &hellip; <\/p>\n<p class=\"link-more\"><a href=\"https:\/\/innopen.io\/index.php\/fr\/solutions\/\" class=\"more-link\">Continuer la lecture<span class=\"screen-reader-text\"> de &laquo;&nbsp;Solutions&nbsp;&raquo;<\/span><\/a><\/p>\n","protected":false},"author":1,"featured_media":0,"parent":0,"menu_order":0,"comment_status":"closed","ping_status":"closed","template":"","meta":[],"_links":{"self":[{"href":"https:\/\/innopen.io\/index.php\/wp-json\/wp\/v2\/pages\/272"}],"collection":[{"href":"https:\/\/innopen.io\/index.php\/wp-json\/wp\/v2\/pages"}],"about":[{"href":"https:\/\/innopen.io\/index.php\/wp-json\/wp\/v2\/types\/page"}],"author":[{"embeddable":true,"href":"https:\/\/innopen.io\/index.php\/wp-json\/wp\/v2\/users\/1"}],"replies":[{"embeddable":true,"href":"https:\/\/innopen.io\/index.php\/wp-json\/wp\/v2\/comments?post=272"}],"version-history":[{"count":9,"href":"https:\/\/innopen.io\/index.php\/wp-json\/wp\/v2\/pages\/272\/revisions"}],"predecessor-version":[{"id":460,"href":"https:\/\/innopen.io\/index.php\/wp-json\/wp\/v2\/pages\/272\/revisions\/460"}],"wp:attachment":[{"href":"https:\/\/innopen.io\/index.php\/wp-json\/wp\/v2\/media?parent=272"}],"curies":[{"name":"wp","href":"https:\/\/api.w.org\/{rel}","templated":true}]}}