{"id":16,"date":"2018-03-19T21:15:48","date_gmt":"2018-03-19T20:15:48","guid":{"rendered":"http:\/\/innopen.io\/?page_id=16"},"modified":"2018-07-22T19:43:51","modified_gmt":"2018-07-22T17:43:51","slug":"accueil","status":"publish","type":"page","link":"https:\/\/innopen.io\/index.php\/fr\/","title":{"rendered":"Corporates, relevez le d\u00e9fi de la nouvelle \u00e9conomie !"},"content":{"rendered":"<h5 style=\"text-align: center;\">Les startups ont montr\u00e9 la voie ! Adoptez les m\u00e9thodes d&#8217;innovations qui ont fait leurs preuves.<\/h5>\n<h5 style=\"text-align: center;\">Nous vous aidons \u00e0 les\u00a0 adapter \u00e0 l\u2019\u00e9chelle de votre entreprise et \u00e0 b\u00e2tir l\u2019\u00e9cosyst\u00e8me au service de votre r\u00e9ussite.<\/h5>\n<h5 style=\"text-align: center;\">Transformez votre business et votre entreprise\u00a0 par une d\u00e9marche d&#8217;innovation participative.<\/h5>\n<p>&nbsp;<\/p>\n<table style=\"height: 501px;\" width=\"402\">\n<tbody>\n<tr>\n<td>\n<h4>Innover comme une Start-up<\/h4>\n<p><span style=\"color: #544f4f;\"><em>Open Innovation :<\/em><\/span><br \/>\nMode d\u2019innovation bas\u00e9 sur le partage,la coop\u00e9ration entre entreprises, dans un climat d\u2019\u00e9changes, d\u2019ouverture et de confiance.<\/td>\n<td><\/td>\n<td>\n<h4>Valoriser comme un Venture Capital<\/h4>\n<p><span style=\"color: #544f4f;\"><em>Intrapreneuriat :<\/em><\/span><br \/>\nUn &#8220;collaborateur qui travaille sur un projet innovant de sa propre<br \/>\ninitiative au sein d&#8217;une organisation d\u00e9j\u00e0 existante.<\/td>\n<\/tr>\n<tr>\n<td><img loading=\"lazy\" class=\"alignnone size-medium wp-image-510\" src=\"https:\/\/innopen.io\/wp-content\/uploads\/2018\/07\/bulb-close-up-electricity-577514-1-217x300.jpg\" alt=\"\" width=\"217\" height=\"300\" srcset=\"https:\/\/innopen.io\/wp-content\/uploads\/2018\/07\/bulb-close-up-electricity-577514-1-217x300.jpg 217w, https:\/\/innopen.io\/wp-content\/uploads\/2018\/07\/bulb-close-up-electricity-577514-1.jpg 412w\" sizes=\"(max-width: 217px) 100vw, 217px\" \/><\/td>\n<td>\n<h4>Acc\u00e9l\u00e9rer comme un Incubateur<\/h4>\n<p><em><span style=\"color: #544f4f;\">Co-innovation :<\/span> <\/em><br \/>\nModalit\u00e9 de management de l\u2019innovation qui consiste, pour plusieurs entit\u00e9s<br \/>\njuridiques diff\u00e9rentes, \u00e0 faire \u00e9merger et\/ou r\u00e9aliser, de fa\u00e7on conjointe, des projets<br \/>\nd\u2019innovation.<\/td>\n<td><\/td>\n<\/tr>\n<\/tbody>\n<\/table>\n<p style=\"text-align: center;\">\n","protected":false},"excerpt":{"rendered":"<p>Les startups ont montr\u00e9 la voie ! Adoptez les m\u00e9thodes d&#8217;innovations qui ont fait leurs preuves. Nous vous aidons \u00e0 les\u00a0 adapter \u00e0 l\u2019\u00e9chelle de votre entreprise et \u00e0 b\u00e2tir l\u2019\u00e9cosyst\u00e8me au service de votre r\u00e9ussite. Transformez votre business et votre entreprise\u00a0 par une d\u00e9marche d&#8217;innovation participative. &nbsp; Innover comme une Start-up Open Innovation : &hellip; <\/p>\n<p class=\"link-more\"><a href=\"https:\/\/innopen.io\/index.php\/fr\/\" class=\"more-link\">Continuer la lecture<span class=\"screen-reader-text\"> de &laquo;&nbsp;Corporates, relevez le d\u00e9fi de la nouvelle \u00e9conomie !&nbsp;&raquo;<\/span><\/a><\/p>\n","protected":false},"author":1,"featured_media":0,"parent":0,"menu_order":0,"comment_status":"closed","ping_status":"closed","template":"","meta":[],"_links":{"self":[{"href":"https:\/\/innopen.io\/index.php\/wp-json\/wp\/v2\/pages\/16"}],"collection":[{"href":"https:\/\/innopen.io\/index.php\/wp-json\/wp\/v2\/pages"}],"about":[{"href":"https:\/\/innopen.io\/index.php\/wp-json\/wp\/v2\/types\/page"}],"author":[{"embeddable":true,"href":"https:\/\/innopen.io\/index.php\/wp-json\/wp\/v2\/users\/1"}],"replies":[{"embeddable":true,"href":"https:\/\/innopen.io\/index.php\/wp-json\/wp\/v2\/comments?post=16"}],"version-history":[{"count":24,"href":"https:\/\/innopen.io\/index.php\/wp-json\/wp\/v2\/pages\/16\/revisions"}],"predecessor-version":[{"id":524,"href":"https:\/\/innopen.io\/index.php\/wp-json\/wp\/v2\/pages\/16\/revisions\/524"}],"wp:attachment":[{"href":"https:\/\/innopen.io\/index.php\/wp-json\/wp\/v2\/media?parent=16"}],"curies":[{"name":"wp","href":"https:\/\/api.w.org\/{rel}","templated":true}]}}